Let v(m) = -m**3 - m**2 + 1. Let l(a) = 6*v(a) + z(a). Give l(j).
0
Suppose -3*r + 31*s - 17 = 30*s, 5*r + 2*s + 32 = 0. Let f(y) = -y**2 + 17. What is f(r)?
-19
Let m(l) be the third derivative of 5*l**2 + 1/2*l**3 + 0 - 1/8*l**4 - 1/60*l**5 + 0*l. What is m(-5)?
-7
Let f(j) be the third derivative of -12*j**2 + 0*j + 7/6*j**3 - 1/12*j**5 + 7/24*j**4 + 0 - 1/120*j**6. What is f(-6)?
1
Let r = -174 - -180. Let d(i) be the first derivative of -1 + 8*i + 2*i**2 - 1/3*i**3. Calculate d(r).
-4
Let w(b) = 29*b + 6. Let s(p) = -120*p - 25. Let k(u) = -6*s(u) - 25*w(u). Let o = 3 - 1. What is k(o)?
-10
Suppose 2*i - 2*c + 10 = 0, 7*i - 2*i - c = -41. Let x(l) = 58*l - 48*l - 50*l**2 + 60*l**2 + l**3 + 11. Determine x(i).
2
Let v(g) = -7*g**2 + g. Let i(r) = -48*r**2 + 6*r. Let o(m) = 4*i(m) - 27*v(m). Let t(z) = -7*z**2 - 315*z - 2. Let k be t(-45). Determine o(k).
-6
Let p(u) = u**2 + 6*u + 6. Let j be p(-5). Let z(i) = i**3 - 8*i**2 - 11*i + 21. Let q be z(9). Let c(v) = 20 - 19 + 12*v**q + 2*v**3. Give c(j).
15
Let z(m) = 6*m**3 - 3*m**2 + m - 1. Let s be 14/10 - (-5 + 108/20). Determine z(s).
3
Let j = -10 + 12. Suppose -5*m - 17 + 7 = j*u, 8 = 3*u - 4*m. Let r(k) = 48*k**2 + 8 - 23*k**2 - 26*k**2. Determine r(u).
8
Let k(q) = q**3 + 7*q**2 + q - 5. Let l = -707 - -700. Give k(l).
-12
Let w(y) = -8*y + 1. Suppose f + 0 = 5*g - 8, f = 3*g - 4. Let h(b) = 3*b. Let k(l) = g*w(l) + 7*h(l). Let p be 16/(-6) - 2/(-3). What is k(p)?
-8
Let h = 311 + -316. Let y(n) = n + 11 - 7 - 4. Give y(h).
-5
Suppose -4*z - 2*s = 10, 5*z - 4*z - 5*s + 30 = 0. Let b(j) = -j**2 - 7*j. What is b(z)?
10
Suppose -5 = -2*q - 3*q. Suppose f - 3*n = 1, -15 = -4*f + 2*n - q. Let y(t) = 5*t - 1 + 7 + 0 + t**2 + f*t**2 - t**3. What is y(6)?
0
Suppose -3*p - 10 = 5*w, 4*w + 4 = 2*w. Let g(u) = -u**2 - 23. Give g(p).
-23
Let g be 3 + 6 + ((-12)/(-1))/(-3). Let k(q) = q**2 - 5*q. What is k(g)?
0
Let k(b) = 1 + 14*b**2 + 0*b - 3*b - 7*b**3 - 12*b**2 + b. Suppose -2*x + 5 = -5*j - 0*x, -5*j + 20 = 3*x. What is k(j)?
-6
Let r(n) = n + 4. Let w be (-886)/(-14) - 14/49. Suppose -10*a + a = w. Give r(a).
-3
Let w(v) be the first derivative of -5 - 2*v - 1/2*v**2. Give w(-2).
0
Suppose 0 = -3*t - 3*y + 156, 0 = y + 4*y - 10. Let b = t - 43. Let i(r) = -r**3 + 6*r**2 + 8*r + 2. Give i(b).
9
Suppose -y = b + 2*y + 8, 4*b - 3*y - 28 = 0. Let t(p) = -p**2 + 0*p**2 - b*p - 87 + 82. Determine t(-4).
-5
Suppose 13*i = 9*i + 24. Let r(u) = 5*u**2 + 12*u + 3. Let p(b) = -14*b**2 - 35*b - 8. Suppose -s = -0*s - 17. Let t(f) = i*p(f) + s*r(f). Calculate t(5).
-2
Let g(k) = k**2 - 7*k. Let l = -29 + 50. Suppose l = 2*q - 3. Suppose -m = -3*m + q. Calculate g(m).
-6
Let t(c) = -c - 12 - c + c. Let m be (-4 + 9/1 - 4)*-5. What is t(m)?
-7
Let v(z) = 5*z - 12. Let f(c) = -79*c + 158. Let l be f(2). What is v(l)?
-12
Let r(k) = 3*k**2 + 3*k - 6. Let a(v) = 8*v**2 + 9*v - 17. Let t(h) = 4*a(h) - 11*r(h). Let s be t(4). Let n(b) = -3*b - 2*b + b + 6*b. Determine n(s).
-12
Let t(s) = 0 + 0*s**2 + 1 - 3*s**2. Let h be t(-1). Let a(d) be the second derivative of d**5/20 - d**2 - 22*d - 6. Give a(h).
-10
Let w(u) = 1 - 1 - 1106*u + 1107*u + 27*u**3. What is w(1)?
28
Let g(a) = a**2 + a - 3. Let b be g(2). Suppose -4*u - 33 = -b*n, -5*n = 3*u - 4*u - 38. Let r(s) = -s**3 + 8*s**2 - 7*s + 6. Determine r(n).
6
Let d(y) be the third derivative of -7*y**6/720 - y**5/120 - y**4/2 - 2*y**2. Let x(n) be the second derivative of d(n). What is x(-1)?
6
Suppose -2*t - 2*y = 6, 41*t - 6 = 39*t - 5*y. Let m(d) = -8*d - 2*d**2 + d**2 - 2 + d. Give m(t).
-2
Let l(a) = 54*a - 27*a + 6 - 24*a - a**2. Calculate l(0).
6
Let m(u) = 13*u**3 + 0*u**3 - 1908*u + 1907*u. Suppose 0 = 4*r + 3 - 7. Calculate m(r).
12
Let i(h) be the third derivative of -h**6/120 + h**5/10 + 17*h**4/24 - 2*h**3/3 - 88*h**2. What is i(8)?
4
Let i(p) = 2*p - 12. Suppose -3*n = -5*m + 62, 2*n = -5*m - n + 38. Give i(m).
8
Let i(a) = 0 + 2 + a**3 + 2*a**2 + 11*a**2 + 14*a + 0. Determine i(-12).
-22
Let g(s) be the third derivative of s**6/120 - s**5/10 + 5*s**4/12 - 31*s**3/6 - 515*s**2. Calculate g(5).
-6
Let g be (42/(-35))/(248/60 - 4). Let u(o) = -o**3 - 11*o**2 - 17*o + 12. Determine u(g).
3
Let w(i) be the first derivative of 31 - i**3 - 5*i + 1/4*i**4 - i**2. Let x = 0 + 4. Calculate w(x).
3
Let r(u) = u**3 + 7*u**2 + 6*u - 1. Suppose 84 = -21*s - 21. Determine r(s).
19
Let j be (-24)/32*(-5 + 26 + -1). Let z(l) = l - 16. Give z(j).
-31
Let f(t) = 2*t - 73. Let d(p) = -3*p + 161. Let j(g) = -d(g) - 2*f(g). Let r = 3 - 1. Suppose -5*b + 0*k = -3*k - 15, r*k + 10 = -3*b. Determine j(b).
-15
Let u(m) = m**2 - m + 12. Let g(r) = -r**3 - 6*r**2 + 5*r - 93. Let o(c) = g(c) + 5*u(c). What is o(0)?
-33
Let k(d) = -d + 5. Let o be (-13)/(-3) - 1/3. Suppose o*z + z - 35 = 0. What is k(z)?
-2
Let m(d) = -12*d - 1. Let z(y) = -y - 19. Let o be z(-16). Let j be (-4)/8*0 - (-4 - o). Calculate m(j).
-13
Let c be (-1)/(-2)*(-56)/(-7). Suppose -c*g = -3*x - 20, -2*g + 4*x + 19 = -1. Let b(s) = -2*s - s**3 - 97*s**2 - 3*s + 103*s**g. Give b(5).
0
Let f be 12*3/27*3. Let n(c) = 24*c - 6*c**2 + 3 - 4*c - 9*c - 6*c - c**3 + 2*c**3. Calculate n(f).
-9
Suppose 0 = -4*f + 9*f + 4*n - 38, -15 = 5*n. Suppose -r = 5*l - f, -2*l + 4 = -0*l - 3*r. Let z(k) = l - 2 + 5*k - 1. Calculate z(-1).
-6
Let l(i) = -33*i**3 + 3*i + 2. Let m be l(-1). Let a(t) = -15*t**2 - 1 + m*t**2 + 2*t - 11*t**2. Calculate a(1).
7
Let k(i) be the second derivative of i**5/60 - i**4/8 + 7*i**3/3 - i. Let j(w) be the second derivative of k(w). Give j(2).
1
Let d(h) = -2*h + 47. Let c be d(23). Let z(t) = t + 12 - t - c + t. Give z(-11).
0
Let p(u) be the first derivative of -u**2/2 + u - 56. Determine p(3).
-2
Let h(j) = -j**3 + 3*j**2 - 2*j. Let g(f) be the first derivative of f**2/2 + 14*f - 14. Let l be g(-12). What is h(l)?
0
Let m(c) = 5*c**2 + c. Let h(v) = -4*v**2 - v - 1. Suppose 28 = 2*z + 20. Let u(x) = z*h(x) + 3*m(x). Calculate u(-3).
-10
Suppose 0 = -2*a + 5*u + 38, -4*a + 33 = a + 3*u. Let d(k) = -k + 9. Let g be d(a). Let c(f) = f**2 + f + 7. Give c(g).
7
Let m(w) be the third derivative of w**5/60 - 5*w**4/12 + 7*w**3/3 - 7*w**2 - 9*w. Give m(7).
-7
Let t(y) be the first derivative of y**4/4 - 5*y**3/3 - 3*y**2 - y - 1. Let s = -16 - -24. Suppose s*q = 11*q - 18. Give t(q).
-1
Let j(g) = -g - 20. Let t be j(-17). Let c be (-8)/6*t/1. Let f(q) = q + 3. Determine f(c).
7
Let b = -23 - -25. Let y(x) = b - 9*x**2 + 3*x + 4*x**3 + 6*x**2 - 3*x**3. Determine y(3).
11
Let z(j) = -2*j - 45. Let l(h) = 4*h + 89. Let s(i) = -6*l(i) - 11*z(i). Calculate s(-21).
3
Let l(n) be the second derivative of n**6/120 + n**5/60 - n**4/24 - n**3/2 - 11*n**2/2 + 9*n. Let r(a) be the first derivative of l(a). What is r(0)?
-3
Let t = 37 + -22. Let a(h) = 8*h - 24*h + t*h. Calculate a(3).
-3
Let n(m) = -m + 1. Suppose 0 = 5*f - 3*o - 37, -20 = -2*o + 7*o. Suppose 5*u = -4*l + 20, 6*u = u + f*l - 25. Give n(u).
1
Let u(q) be the second derivative of -1/24*q**4 - 1/2*q**2 + 0*q**3 + 5*q + 0. Let m(r) be the first derivative of u(r). Calculate m(4).
-4
Let b(w) = -7*w**2 + 3*w**2 - 2*w + 3 - 2 + w. Suppose -z - 8*z = -9. What is b(z)?
-4
Let t(s) be the third derivative of -3*s**2 + 0*s + 0 - 1/60*s**5 + 4/3*s**3 + 1/6*s**4. Suppose 4*k + 5*j - 7 = 2, -k + 3*j + 15 = 0. Determine t(k).
-4
Suppose -102*y = -103*y - 3. Let v(r) = -r**3 + 2*r**2 + 2*r - 4. Let n(w) = -2*w**3 + 5*w**2 + 5*w - 8. Let p(j) = 6*n(j) - 13*v(j). Determine p(y).
1
Let a(m) = -m + 3. Let k(z) be the first derivative of -2*z**2 + 10*z - 25. Let l(u) = 7*a(u) - 2*k(u). Calculate l(-4).
-3
Let c be (-6)/((-5)/(-2) + -2). Let v be (1 - c/(-4)) + 5. Suppose 21 + 7 = -4*y + 4*l, -2*y - v*l + 11 = 0. Let p(i) = -i**2 + i + 1. What is p(y)?
-5
Let y = -36 + 38. Suppose 0 = -4*x - 2*d - y*d + 76, -4*d - 44 = -x. Suppose 0 = -3*k - k - x. Let b(r) = r**2 + 3*r - 7. Give b(k).
11
Let j be -2*(13/2 - 3). Let t(w) = -2*w - 16. What is t(j)?
-2
Suppose -3*q + 0 = -9. Let g(a) = 7 - 2 + 4*a - 8 - 2*a**2. Determine g(q).
-9
Let m = 14 - 11. Let g(p) = 4*p + 6*p**2 - p**2 + 1 - m*p**2. Give g(-3).
7
Let u(n) = -5*n**2 + 30*n + 3. Let r be u(6). Let s(j) be the second derivative of -j**4/12 + j**3/2 + j**2 - 4*j. Calculate s(r).
2
Let k(w) = -w**3 - 2*w**2